uppose -6 = f - 4*f. Let q(c) = 3*c - f*c + c - 1 - c. Let b(v) = v**3 - 3*v**2 - v + 1. Let t be b(3). Calculate q(t).
-3
Let l(a) be the first derivative of a**4/12 + 4*a**3/3 + 2*a**2 + 41*a + 1. Let n(i) be the first derivative of l(i). Let p = -9 - -4. Give n(p).
-11
Let k = -6 - -8. Let s(g) = 3*g**2 - 18*g + 3. Let v(p) = 3*p**2 - 21*p + 3. Let r(y) = -6*s(y) + 5*v(y). Calculate r(k).
-9
Let v(i) = -23*i**2 + 10*i - 22. Let q(c) = 38*c**2 - 18*c + 42. Let w(g) = -3*q(g) - 5*v(g). Determine w(3).
5
Let b(a) = 25*a**2 - 5*a - 4. Let c be b(-1). Let s(d) = -31*d**2 + 3 + 56*d**2 - c*d**2 - 7*d. Give s(-6).
9
Let t = 7194 + -7188. Let g(s) = -11*s + 72. Give g(t).
6
Let l(g) = 36 - 75 + 36 - g**2 + 6*g. Let h = -1651 - -1658. Calculate l(h).
-10
Let p(w) = -9*w + 0*w**2 - 1 + w**2 - 2*w**2 + 3*w. Suppose -2*r + 0*q + 19 = -3*q, 0 = -r + q + 7. Suppose r*k + 6 = -2. Determine p(k).
7
Let b(h) = -7*h**3 + 11*h**2 + 31*h + 6. Let x(p) = -22*p**3 + 33*p**2 + 94*p + 16. Let i(w) = 19*b(w) - 6*x(w). Determine i(13).
5
Let v be 32/(-14) - (-2)/7. Let g be (-3)/v + 1/2. Let m(s) = -12*s - 12*s + 18*s + 2*s + 6*s. Give m(g).
4
Let b(u) = u**3 + 8*u**2 - u - 4. Let m be b(-8). Suppose 8*p - 16*p + 40 = 0. Let w(k) = 12 - 16 + p + k. Give w(m).
5
Let n(o) be the second derivative of o**4/12 + 10*o**3/3 + 213*o**2/2 - o - 8. Let d(w) be the first derivative of n(w). What is d(-16)?
-12
Let x(b) = -2*b - 4. Let i be 3 + -5 - -2 - (-6 - 44). Suppose c - p - 6 = -2*p, 3*c - 5*p - i = 0. Suppose c*w - 78 + 28 = 0. Give x(w).
-14
Let t(k) be the first derivative of k**6/120 + k**5/60 - 5*k**4/24 - 31*k**2/2 + k + 89. Let d(i) be the second derivative of t(i). Determine d(-3).
-3
Let i(s) = 29*s + 19. Let o(v) = 25*v + 17. Let c(j) = 6*i(j) - 7*o(j). Let n(h) = -h**3 - h**2 + 2*h - 2. Let d be n(2). Let g = d + 5. Determine c(g).
0
Let a(b) be the third derivative of b**4/8 + b**3/2 + 12*b**2 - 8. What is a(-8)?
-21
Let c(b) = -5*b + 101. Suppose -g + 25 = k, -5*g + 5*k + 80 = k. What is c(g)?
1
Let p(l) be the second derivative of -l**4/12 - 7*l**3/6 + l**2/2 - 2*l. Let o(y) = -y**3 + 12*y**2 + 16*y - 23. Let c be o(13). Let u = c - 24. Calculate p(u).
-7
Let w(f) = -2*f**2 - 2*f. Let m(x) = -x**3 - 2*x**2 - x + 11. Let z(j) = j**3 + 2*j**2 + j - 13. Let b(t) = 7*m(t) + 6*z(t). Let c(k) = -b(k) + w(k). Give c(0).
1
Let o(z) = -z**3 - 17*z**2 + z + 16. Let l be o(-17). Let y(h) = -h**2 + 12*h + 10. Let n be y(l). Let q(f) = -10*f - 3. What is q(n)?
27
Let v(i) be the second derivative of i**3/6 - 3*i**2 + 2*i. Suppose -40 - 20 = -4*o. Suppose -88 = -o*d + 17. Give v(d).
1
Let x(t) = t**2 + 9*t + 5. Let c(o) = 1. Let m(r) = -4*r + 1. Let y(k) = -4*c(k) + m(k). Let g be 1 + (-35)/245 + (-2)/(-14). Let a be y(g). Give x(a).
-9
Let p(m) be the second derivative of m**5/20 + 7*m**4/12 + 11*m**3/6 + 75*m**2/2 - 10966*m. Calculate p(-7).
-2
Suppose -9 = -16*a + 39. Let w(z) = 5*z. Let h(g) = -11*g. Let p(d) = -4*h(d) - 9*w(d). What is p(a)?
-3
Let m(y) = 20*y - 2127. Let d be m(106). Let a(o) = -o**2 + o - 12. Give a(d).
-68
Let j(o) = -5*o + 13. Suppose -4*v + s = -43, -2*v = -149*s + 148*s - 23. Calculate j(v).
-37
Let x(k) = -17 - 86*k + 32*k - k**3 + 37*k + 29*k - 12*k**2. Calculate x(-13).
-4
Let g(a) = a - 4. Suppose -f - 5*y + 1 = 0, -3*f = f - 3*y - 73. Suppose -4*d = b - f, -5*b + d = 5*d - 16. Give g(b).
-4
Let b(q) = -q**2 - 42*q + 199. Let p be b(4). Let k(l) = 18*l - 271. Calculate k(p).
-1
Suppose -8 = 24*d - 8. Suppose d = -4*c + 4 + 4. Let n(y) = y**2 + y. Let q(h) = -5*h**2 - 2*h + 2. Let m(s) = -4*n(s) - q(s). Determine m(c).
-2
Let t(f) be the third derivative of 6*f**2 - 2 + 1/8*f**4 + 5/3*f**3 + 0*f. Give t(-7).
-11
Let d(c) = c**3 + 10*c**2 + 6*c - 13. Let j(i) = 7*i**3 + 74*i + 72. Let a be j(-1). What is d(a)?
14
Let o(d) = -d. Let q(t) = 5*t - 2. Let b(y) = -6*o(y) - q(y). Let f be 1 + ((-95)/(-76))/(2/8). Suppose -f*j - 31 = -55. Determine b(j).
6
Let z(w) be the second derivative of -w**5/20 + w**3/6 + w**2/2 + w. Suppose -49*g + 5 - 2 = 3. What is z(g)?
1
Let u(l) = 6*l**2 + 110. Let q(p) = -13*p**2 - p - 193. Let j(y) = 4*q(y) + 7*u(y). What is j(-2)?
-34
Let i = 24 + -24. Let g be (1 + (-3)/4)*-4*i. Suppose 4*q - 26 = -2*w, 2*w = 2*q - g*w - 16. Let t(r) = r**3 - 6*r**2 - 6*r - 7. Calculate t(q).
0
Let x(j) = -8*j + 1 - j**2 - 6 + 2 - 2. Let u be 3*(7 + 4 + -6)/(-3). Give x(u).
10
Let c(w) be the third derivative of -w**5/60 + w**4/6 + w**3/2 - 2*w**2. Let q be 3/5 - 325/125. Let z be (-4 - (-55)/15)/(q/30). Calculate c(z).
-2
Suppose -5*y + 4*o = 2*o - 144, -32 = -y + 2*o. Suppose -15 = -2*v - 3*k, -6*v + y = -2*v + 4*k. Let c(z) = 5*z - 8. What is c(v)?
22
Let n(m) = 18*m + 3. Suppose 6*k = -0*k + 5*k - 2. Calculate n(k).
-33
Suppose 4*m = 5*m + 5*s, 8 = -4*s. Suppose l - 2*u = 2 + m, 4*l + 3*u = 15. Let i(g) = -1. Let b(w) = -w + 6. Let p(r) = b(r) - 3*i(r). What is p(l)?
3
Let v(b) be the first derivative of b**4/4 + 4*b**3/3 - 5*b**2/2 + 2*b + 5603. Let a be (-4)/14 - 66/14. Give v(a).
2
Let y be -2 + (-420)/8*(-11 - 2466/(-225)). Let d(s) be the second derivative of 42*s + 0 + 0*s**3 + y*s**5 + 1/4*s**4 - s**2. Determine d(-2).
-6
Suppose -9*p + 3 = 10 + 20. Let d(y) = y**2 - y - 13. Calculate d(p).
-1
Let c(t) = -t - 7. Let z(j) = -j - 11. Let w(k) = 8*c(k) - 5*z(k). Let d = -50 + 60. Let p be d*((-22)/(-70) + 6/21). What is w(p)?
-19
Let z(w) be the first derivative of -w**6/120 + w**5/6 - 13*w**4/24 + 5*w**3/3 + 3*w**2/2 + 47*w - 175. Let d(y) be the second derivative of z(y). Give d(8).
34
Let m(x) = -x**2 + 3*x - 4. Let t(r) = 4*r**2 - 8*r + 11. Let a(g) = 8*m(g) + 3*t(g). Let j be a(-1). Let w(s) = -2*s - 3 - s**2 + 2 + j. What is w(-4)?
-4
Let o(d) = -d**3 + 7*d**2 - 10. Suppose -2*j - 2*q = 0, 0 = j - q - 228 + 218. What is o(j)?
40
Let t(d) = -9040*d - 29. Let b be t(-3). Let y(s) = -15*s**2 - b + 27091 - 4*s**2. Determine y(-1).
-19
Let q(m) be the second derivative of 9*m**5/20 + m**4/12 - 26*m. Let p be q(1). Let d(s) = 8*s - p*s + s - s - 3*s**2 + 1. Give d(-2).
-7
Let g(w) = 11*w**3 - 9*w**2 - 2*w + 14. Let n(j) = 2*j**3 - 3*j**2. Let x(b) = -g(b) + 6*n(b). Determine x(9).
4
Let f(k) = -k**3 + 29*k**2 + 43 - 27 + 2*k**3 - 17. Calculate f(-29).
-1
Suppose q - 11 = 2*p - 14, 2*p = 2*q. Let m(z) = 5*z**2 + 5*z + 2. Let f(g) = 4*g + 6*g**2 - 5*g**2 + 2 + 3*g**2. Let t(o) = 7*f(o) - 6*m(o). Give t(q).
-22
Let d = 19 + -10. Let v = 16 - d. Let c(a) be the second derivative of a**5/20 - 7*a**4/12 - a**3/3 + 5*a**2 - 1403*a. What is c(v)?
-4
Let j(z) = -74*z + z**2 - 1 - z**2 - z**2 + 23*z + 38*z. Calculate j(-13).
-1
Suppose 6*k + 26 = 9*k + l, -56 = -4*k + 4*l. Suppose -3*r + 10 + k = -4*m, 11 = r + 3*m. Let s(f) = -2*f + f + 5*f - r*f. Give s(-3).
12
Suppose -6*z = -z + 5. Let t(v) = -2*v**3 - 5*v**3 + v**3 + 19 - 36 + 16. Give t(z).
5
Let f(j) = 3*j**2 + 2*j - 2. Let n(d) = 4*d + 72. Let r be n(-14). Suppose -l + 9*l + r = 0. Give f(l).
6
Let x(b) = 6*b**2 - 84*b + 139. Let p be x(12). Let z(n) = -n**2 - 6*n - 7. Let r(t) = -t**2 - 6*t - 6. Let q(j) = 3*r(j) - 2*z(j). Determine q(p).
1
Let h(a) = 2*a**2 - 24. Let w = 1177 - 1181. Give h(w).
8
Let b(w) be the third derivative of w**6/120 - 17*w**5/60 - 5*w**4/8 - 7*w**3 + 35*w**2 - 6. Give b(18).
12
Let i be 2/4 - (-6)/4. Suppose 9 - 1 = 4*m + 5*k, -m = -4*k - 2. Let y(a) = a - 3*a**2 + 6 + i*a**2 - 8*a + m*a. Give y(-5).
6
Let k(f) = -f - 1. Let c be k(-4). Let n be (-13 - -10) + 18 - 10. Let l(r) = -r**2 - 2*r**2 - c + 7*r - n*r. What is l(2)?
-11
Suppose 5*g - 6*g = -5*n + 239, -4*n = -4*g - 892. Let h = -219 - g. Let k(f) = f - 1. Let u(c) = -6*c + 14. Let t(b) = 5*k(b) + u(b). Determine t(h).
9
Let h(d) be the third derivative of d**5/24 - d**4/8 + 28*d**3/3 + 25*d**2. Let y(g) be the first derivative of h(g). Determine y(-3).
-18
Let h(u) = -u**2 + u. Let k(i) = -5*i**2 + i - 1. Let r(n) = 4*h(n) - k(n). Let g be -4*1/(-74) + (-4234)/(-1073). Calculate r(g).
29
Let s be 2/(-7) - 872/(-14). Let k be 69*(24/(-48) + 3/2). Let r = k - s. Let j(q) = q + 6. What is j(r)?
13
Let g(j) = -3*j + 62. Let p be g(18). Let d be (p/(-10))/((-20)/50). Let a(w) = -w**2 - 7*w - 12 + d*w**2 + 5 - 2*w**2. Calculate a(-6).
-1
Let q(h) = 38*h - 6 + 38*h + 44*h - 122*h. What is q(8)